{"id":2885,"date":"2023-04-19T12:59:32","date_gmt":"2023-04-19T09:59:32","guid":{"rendered":"https:\/\/asyaaksesuar.com\/?page_id=2885"},"modified":"2023-04-19T13:03:27","modified_gmt":"2023-04-19T10:03:27","slug":"blogumuz","status":"publish","type":"page","link":"https:\/\/asyaaksesuar.com\/index.php\/blogumuz\/","title":{"rendered":"Blog"},"content":{"rendered":"\t\t<div data-elementor-type=\"wp-page\" data-elementor-id=\"2885\" class=\"elementor elementor-2885\">\n\t\t\t\t\t\t\t\t\t<section class=\"elementor-section elementor-top-section elementor-element elementor-element-0187a70 elementor-section-boxed elementor-section-height-default elementor-section-height-default\" data-id=\"0187a70\" data-element_type=\"section\">\n\t\t\t\t\t\t<div class=\"elementor-container elementor-column-gap-default\">\n\t\t\t\t\t<div class=\"elementor-column elementor-col-100 elementor-top-column elementor-element elementor-element-ecb0082\" data-id=\"ecb0082\" data-element_type=\"column\">\n\t\t\t<div class=\"elementor-widget-wrap elementor-element-populated\">\n\t\t\t\t\t\t\t\t<div class=\"elementor-element elementor-element-863f7f5 elementor-widget elementor-widget-elementskit-blog-posts\" data-id=\"863f7f5\" data-element_type=\"widget\" data-widget_type=\"elementskit-blog-posts.default\">\n\t\t\t\t<div class=\"elementor-widget-container\">\n\t\t\t<div class=\"ekit-wid-con\" >        <div id=\"post-items--863f7f5\" class=\"row post-items\">\n                    <div class=\"col-md-12\">\n\n                                    <div class=\"elementskit-blog-block-post\">\n                        <div class=\"row no-gutters\">\n                                                            <div class=\"col-md-6 order-1\">\n                                    <a href=\"https:\/\/asyaaksesuar.com\/index.php\/2023\/04\/19\/aluminyum-aksesuar-2\/\" class=\"elementskit-entry-thumb\">\n                                        <img decoding=\"async\" src=\"https:\/\/asyaaksesuar.com\/wp-content\/uploads\/2023\/01\/matkap-uclu-vidalar.jpg\" alt=\"Al\u00fcminyum Rulmanlar\">\n                                    <\/a><!-- .elementskit-entry-thumb END -->\n                                <\/div>\n                            \n                            <div class=\"col-md-6 order-2\">\n                                <div class=\"elementskit-post-body \">\n                                    <div class=\"elementskit-entry-header\">\n                                        \n                                                                                            \t\t\t\t\t                                            \n                                            \n                                                                                            \t\t\t\t<h2 class=\"entry-title\">\n\t\t\t\t\t<a href=\"https:\/\/asyaaksesuar.com\/index.php\/2023\/04\/19\/aluminyum-aksesuar-2\/\">\n\t\t\t\t\t\tAl\u00fcminyum Rulmanlar\t\t\t\t\t<\/a>\n\t\t\t\t<\/h2>\n\t\t\t                                                                                <\/div><!-- .elementskit-entry-header END -->\n\n                                                                            <div class=\"elementskit-post-footer\">\n                                                                                            <p>Al\u00fcminyum Rulmanlar Al\u00fcminyum rulmanlar, al\u00fcminyum ala\u015f\u0131mlar\u0131ndan \u00fcretilen rulmanlard\u0131r. Al\u00fcminyum rulmanlar\u0131n bir\u00e7ok avantaj\u0131 vard\u0131r, \u00f6zellikle de a\u011f\u0131rl\u0131k azaltma konusunda yararl\u0131d\u0131rlar. Al\u00fcminyumun d\u00fc\u015f\u00fck yo\u011funlu\u011fu, ayn\u0131 boyutta \u00e7elik rulmanlardan daha hafif olmas\u0131n\u0131 sa\u011flar. Bununla birlikte, al\u00fcminyum rulmanlar\u0131n ayn\u0131 zamanda baz\u0131 dezavantajlar\u0131 da vard\u0131r. \u00d6rne\u011fin, al\u00fcminyumun d\u00fc\u015f\u00fck sertli\u011fi nedeniyle, al\u00fcminyum rulmanlar\u0131n \u00e7elik rulmanlara g\u00f6re daha az dayan\u0131kl\u0131 oldu\u011fu bilinmektedir. [&hellip;]<\/p>\n                                                                                                                                <\/div><!-- .elementskit-post-footer END -->\n                                                                    <\/div><!-- .elementskit-post-body END -->\n                            <\/div>\n                        <\/div>\n                    <\/div><!-- .elementskit-blog-block-post .radius .gradient-bg END -->\n                \n            <\/div>\n                    <div class=\"col-md-12\">\n\n                                    <div class=\"elementskit-blog-block-post\">\n                        <div class=\"row no-gutters\">\n                                                            <div class=\"col-md-6 order-1\">\n                                    <a href=\"https:\/\/asyaaksesuar.com\/index.php\/2023\/04\/19\/aluminyum-aksesuar\/\" class=\"elementskit-entry-thumb\">\n                                        <img decoding=\"async\" src=\"https:\/\/asyaaksesuar.com\/wp-content\/uploads\/2023\/01\/aluminum-in-a-warehouse-2022-11-10-07-55-09-utc-1.jpg\" alt=\"Al\u00fcminyum Aksesuar\">\n                                    <\/a><!-- .elementskit-entry-thumb END -->\n                                <\/div>\n                            \n                            <div class=\"col-md-6 order-2\">\n                                <div class=\"elementskit-post-body \">\n                                    <div class=\"elementskit-entry-header\">\n                                        \n                                                                                            \t\t\t\t\t                                            \n                                            \n                                                                                            \t\t\t\t<h2 class=\"entry-title\">\n\t\t\t\t\t<a href=\"https:\/\/asyaaksesuar.com\/index.php\/2023\/04\/19\/aluminyum-aksesuar\/\">\n\t\t\t\t\t\tAl\u00fcminyum Aksesuar\t\t\t\t\t<\/a>\n\t\t\t\t<\/h2>\n\t\t\t                                                                                <\/div><!-- .elementskit-entry-header END -->\n\n                                                                            <div class=\"elementskit-post-footer\">\n                                                                                            <p>Al\u00fcminyum Aksesuarlar\u0131n \u00d6zellikleri Al\u00fcminyum aksesuarlar, hafif, dayan\u0131kl\u0131, esnek ve paslanmaz \u00f6zellikleriyle tan\u0131n\u0131r. Bu malzeme ayn\u0131 zamanda, oksidasyona kar\u015f\u0131 diren\u00e7li olmas\u0131 nedeniyle y\u00fcksek s\u0131cakl\u0131klara da dayanabilir. Bu \u00f6zellikler, al\u00fcminyum aksesuarlar\u0131n bir\u00e7ok farkl\u0131 sekt\u00f6rde kullan\u0131m\u0131n\u0131 m\u00fcmk\u00fcn k\u0131lar. Al\u00fcminyum Aksesuarlar\u0131n Avantajlar\u0131 Al\u00fcminyum aksesuarlar\u0131n bir\u00e7ok avantaj\u0131 vard\u0131r. \u0130\u015fte baz\u0131lar\u0131: Hafif: Al\u00fcminyum aksesuarlar, di\u011fer metal malzemelere g\u00f6re \u00e7ok daha hafiftir. [&hellip;]<\/p>\n                                                                                                                                <\/div><!-- .elementskit-post-footer END -->\n                                                                    <\/div><!-- .elementskit-post-body END -->\n                            <\/div>\n                        <\/div>\n                    <\/div><!-- .elementskit-blog-block-post .radius .gradient-bg END -->\n                \n            <\/div>\n                <\/div>\n       <\/div>\t\t<\/div>\n\t\t\t\t<\/div>\n\t\t\t\t\t<\/div>\n\t\t<\/div>\n\t\t\t\t\t\t\t<\/div>\n\t\t<\/section>\n\t\t\t\t\t\t\t<\/div>\n\t\t","protected":false},"excerpt":{"rendered":"<p>Al\u00fcminyum Aksesuar Al\u00fcminyum Aksesuarlar\u0131n \u00d6zellikleri Al\u00fcminyum aksesuarlar, hafif, dayan\u0131kl\u0131, esnek ve paslanmaz \u00f6zellikleriyle tan\u0131n\u0131r. Bu malzeme ayn\u0131 zamanda, oksidasyona kar\u015f\u0131 diren\u00e7li olmas\u0131 nedeniyle y\u00fcksek s\u0131cakl\u0131klara da dayanabilir. Bu \u00f6zellikler, al\u00fcminyum aksesuarlar\u0131n bir\u00e7ok farkl\u0131 sekt\u00f6rde kullan\u0131m\u0131n\u0131 m\u00fcmk\u00fcn k\u0131lar. Al\u00fcminyum Aksesuarlar\u0131n Avantajlar\u0131 Al\u00fcminyum aksesuarlar\u0131n bir\u00e7ok avantaj\u0131 vard\u0131r. \u0130\u015fte baz\u0131lar\u0131: Hafif: Al\u00fcminyum aksesuarlar, di\u011fer metal malzemelere g\u00f6re \u00e7ok [&hellip;]<\/p>\n","protected":false},"author":1,"featured_media":0,"parent":0,"menu_order":0,"comment_status":"closed","ping_status":"closed","template":"","meta":{"om_disable_all_campaigns":false,"_mi_skip_tracking":false,"footnotes":""},"class_list":["post-2885","page","type-page","status-publish","hentry"],"aioseo_notices":[],"_links":{"self":[{"href":"https:\/\/asyaaksesuar.com\/index.php\/wp-json\/wp\/v2\/pages\/2885","targetHints":{"allow":["GET"]}}],"collection":[{"href":"https:\/\/asyaaksesuar.com\/index.php\/wp-json\/wp\/v2\/pages"}],"about":[{"href":"https:\/\/asyaaksesuar.com\/index.php\/wp-json\/wp\/v2\/types\/page"}],"author":[{"embeddable":true,"href":"https:\/\/asyaaksesuar.com\/index.php\/wp-json\/wp\/v2\/users\/1"}],"replies":[{"embeddable":true,"href":"https:\/\/asyaaksesuar.com\/index.php\/wp-json\/wp\/v2\/comments?post=2885"}],"version-history":[{"count":11,"href":"https:\/\/asyaaksesuar.com\/index.php\/wp-json\/wp\/v2\/pages\/2885\/revisions"}],"predecessor-version":[{"id":2896,"href":"https:\/\/asyaaksesuar.com\/index.php\/wp-json\/wp\/v2\/pages\/2885\/revisions\/2896"}],"wp:attachment":[{"href":"https:\/\/asyaaksesuar.com\/index.php\/wp-json\/wp\/v2\/media?parent=2885"}],"curies":[{"name":"wp","href":"https:\/\/api.w.org\/{rel}","templated":true}]}}